{"id":10805,"date":"2024-01-04T16:23:59","date_gmt":"2024-01-04T15:23:59","guid":{"rendered":"https:\/\/cursosonline.aepap.org\/moodle2026\/?page_id=10805"},"modified":"2025-08-13T19:33:42","modified_gmt":"2025-08-13T18:33:42","slug":"acreditacion","status":"publish","type":"page","link":"https:\/\/cursosonline.aepap.org\/moodle2026\/acreditacion\/","title":{"rendered":"Acreditaci\u00f3n"},"content":{"rendered":"<div class=\"wpb-content-wrapper\">[vc_row fullwidth=\u00bbtrue\u00bb parallax=\u00bbcontent-moving-fade\u00bb parallax_speed_bg=\u00bb1&#8243; css=\u00bb.vc_custom_1755109609296{margin-bottom: -10px !important;border-bottom-width: -10px !important;padding-bottom: -10px !important;background-color: #B9271A !important;background-position: center;background-repeat: no-repeat !important;background-size: cover !important;}\u00bb][vc_column css=\u00bb.vc_custom_1703196275772{margin-bottom: -5px !important;border-bottom-width: -5px !important;padding-bottom: -5px !important;background-position: center !important;background-repeat: no-repeat !important;background-size: contain !important;}\u00bb][mk_padding_divider size=\u00bb30&#8243; visibility=\u00bbhidden-sm\u00bb][mk_padding_divider visibility=\u00bbvisible-sm\u00bb][mk_fancy_title color=\u00bb#ffffff\u00bb size=\u00bb40&#8243; force_font_size=\u00bbtrue\u00bb size_smallscreen=\u00bb35&#8243; size_tablet=\u00bb35&#8243; size_phone=\u00bb30&#8243; margin_bottom=\u00bb0&#8243; font_family=\u00bbImpact, Charcoal, sans-serif\u00bb font_type=\u00bbsafefont\u00bb align=\u00bbcenter\u00bb]Calendario y Acreditaci\u00f3n[\/mk_fancy_title][mk_padding_divider][vc_row_inner attached=\u00bbtrue\u00bb disable_element=\u00bbyes\u00bb][vc_column_inner css=\u00bb.vc_custom_1687794206690{margin-top: -60px !important;margin-bottom: -30px !important;border-top-width: -60px !important;border-bottom-width: -30px !important;padding-top: -60px !important;padding-bottom: -30px !important;}\u00bb][vc_raw_html css=\u00bb.vc_custom_1668987405118{margin-top: -30px !important;border-top-width: -30px !important;padding-top: -30px !important;}\u00bb]JTNDZGl2JTNFJTBBJTIwJTIwJTIwJTIwJTIwJTIwJTIwJTIwJTIwJTIwJTIwJTIwJTIwJTIwJTIwJTIwJTNDc3ZnJTIwY2xhc3MlM0QlMjJ3YXZlcyUyMiUyMHhtbG5zJTNEJTIyaHR0cCUzQSUyRiUyRnd3dy53My5vcmclMkYyMDAwJTJGc3ZnJTIyJTIweG1sbnMlM0F4bGluayUzRCUyMmh0dHAlM0ElMkYlMkZ3d3cudzMub3JnJTJGMTk5OSUyRnhsaW5rJTIyJTIwdmlld0JveCUzRCUyMjAlMjAyNCUyMDE1MCUyMDI4JTIyJTIwcHJlc2VydmVBc3BlY3RSYXRpbyUzRCUyMm5vbmUlMjIlMjBzaGFwZS1yZW5kZXJpbmclM0QlMjJhdXRvJTIyJTNFJTBBJTIwJTIwJTIwJTIwJTIwJTIwJTIwJTIwJTIwJTIwJTIwJTIwJTIwJTIwJTIwJTIwJTIwJTIwJTIwJTIwJTNDZGVmcyUzRSUwQSUyMCUyMCUyMCUyMCUyMCUyMCUyMCUyMCUyMCUyMCUyMCUyMCUyMCUyMCUyMCUyMCUyMCUyMCUyMCUyMCUyMCUyMCUyMCUyMCUzQ3BhdGglMjBpZCUzRCUyMmdlbnRsZS13YXZlJTIyJTIwZCUzRCUyMk0tMTYwJTIwNDRjMzAlMjAwJTIwNTgtMTglMjA4OC0xOHMlMjA1OCUyMDE4JTIwODglMjAxOCUyMDU4LTE4JTIwODgtMTglMjA1OCUyMDE4JTIwODglMjAxOCUyMHY0NGgtMzUyeiUyMiUyMCUyRiUzRSUwQSUyMCUyMCUyMCUyMCUyMCUyMCUyMCUyMCUyMCUyMCUyMCUyMCUyMCUyMCUyMCUyMCUyMCUyMCUyMCUyMCUzQyUyRmRlZnMlM0UlMEElMjAlMjAlMjAlMjAlMjAlMjAlMjAlMjAlMjAlMjAlMjAlMjAlMjAlMjAlMjAlMjAlMjAlMjAlMjAlMjAlM0NnJTIwY2xhc3MlM0QlMjJwYXJhbGxheCUyMiUzRSUwQSUyMCUyMCUyMCUyMCUyMCUyMCUyMCUyMCUyMCUyMCUyMCUyMCUyMCUyMCUyMCUyMCUyMCUyMCUyMCUyMCUyMCUyMCUyMCUyMCUzQ3VzZSUyMHhsaW5rJTNBaHJlZiUzRCUyMiUyM2dlbnRsZS13YXZlJTIyJTIweCUzRCUyMjQ4JTIyJTIweSUzRCUyMjAlMjIlMjBmaWxsJTNEJTIycmdiYSUyODI1NSUyQzI1NSUyQzI1NSUyQzAuNyUyMiUyMCUyRiUzRSUwQSUyMCUyMCUyMCUyMCUyMCUyMCUyMCUyMCUyMCUyMCUyMCUyMCUyMCUyMCUyMCUyMCUyMCUyMCUyMCUyMCUyMCUyMCUyMCUyMCUzQ3VzZSUyMHhsaW5rJTNBaHJlZiUzRCUyMiUyM2dlbnRsZS13YXZlJTIyJTIweCUzRCUyMjQ4JTIyJTIweSUzRCUyMjMlMjIlMjBmaWxsJTNEJTIycmdiYSUyODI1NSUyQzI1NSUyQzI1NSUyQzAuNSUyOSUyMiUyMCUyRiUzRSUwQSUyMCUyMCUyMCUyMCUyMCUyMCUyMCUyMCUyMCUyMCUyMCUyMCUyMCUyMCUyMCUyMCUyMCUyMCUyMCUyMCUyMCUyMCUyMCUyMCUzQ3VzZSUyMHhsaW5rJTNBaHJlZiUzRCUyMiUyM2dlbnRsZS13YXZlJTIyJTIweCUzRCUyMjQ4JTIyJTIweSUzRCUyMjUlMjIlMjBmaWxsJTNEJTIycmdiYSUyODI1NSUyQzI1NSUyQzI1NSUyQzAuMyUyOSUyMiUyMCUyRiUzRSUwQSUyMCUyMCUyMCUyMCUyMCUyMCUyMCUyMCUyMCUyMCUyMCUyMCUyMCUyMCUyMCUyMCUyMCUyMCUyMCUyMCUyMCUyMCUyMCUyMCUzQ3VzZSUyMHhsaW5rJTNBaHJlZiUzRCUyMiUyM2dlbnRsZS13YXZlJTIyJTIweCUzRCUyMjQ4JTIyJTIweSUzRCUyMjclMjIlMjBmaWxsJTNEJTIyJTIzZmZmJTIyJTIwJTJGJTNFJTBBJTIwJTIwJTIwJTIwJTIwJTIwJTIwJTIwJTIwJTIwJTIwJTIwJTIwJTIwJTIwJTIwJTIwJTIwJTIwJTIwJTNDJTJGZyUzRSUwQSUyMCUyMCUyMCUyMCUyMCUyMCUyMCUyMCUyMCUyMCUyMCUyMCUyMCUyMCUyMCUyMCUzQyUyRnN2ZyUzRSUwQSUyMCUyMCUyMCUyMCUyMCUyMCUyMCUyMCUyMCUyMCUyMCUyMCUzQyUyRmRpdiUzRSUwQQ==[\/vc_raw_html][\/vc_column_inner][\/vc_row_inner][\/vc_column][\/vc_row][mk_page_section bg_color=\u00bb#ffffff\u00bb attachment=\u00bbfixed\u00bb bg_position=\u00bbcenter top\u00bb bg_repeat=\u00bbno-repeat\u00bb enable_3d=\u00bbtrue\u00bb padding_top=\u00bb50&#8243; padding_bottom=\u00bb30&#8243; margin_bottom=\u00bb40&#8243; top_shape_style=\u00bbcurve-top\u00bb top_shape_bg_color=\u00bbrgba(255,255,255,0)\u00bb sidebar=\u00bbsidebar-1&#8243; first_page=\u00bbfalse\u00bb last_page=\u00bbfalse\u00bb][vc_column css=\u00bb.vc_custom_1668987388736{margin-bottom: -10px !important;border-bottom-width: -10px !important;padding-bottom: -10px !important;}\u00bb][vc_column_text css=\u00bb.vc_custom_1755109973635{margin-bottom: 0px !important;}\u00bb]\n<h5 style=\"padding-left: 40px;\">Calendario del Curso\u00a0<em>online<\/em>\u00a0(Moodle)<\/h5>\n[\/vc_column_text][vc_row_inner][vc_column_inner width=\u00bb1\/6&#8243;][\/vc_column_inner][vc_column_inner width=\u00bb5\/6&#8243;][mk_table style=\u00bbstyle2&#8243;]\n<table class=\" aligncenter\">\n<tbody>\n<tr>\n<td style=\"text-align: left; vertical-align: top;\"><strong>20 de febrero 2026<\/strong><\/td>\n<td style=\"text-align: left; vertical-align: top;\">Env\u00edo de las instrucciones para acceder y realizar las actividades de la plataforma Moodle<\/td>\n<\/tr>\n<tr>\n<td style=\"text-align: left; vertical-align: top;\"><strong>20 de febrero 2026<\/strong><\/td>\n<td style=\"text-align: left; vertical-align: top;\">Inicio de la plataforma<\/td>\n<\/tr>\n<tr>\n<td style=\"text-align: left; vertical-align: top;\"><strong>20 de abril 2026<\/strong><\/td>\n<td style=\"text-align: left; vertical-align: top;\">Cierre de la plataforma<\/td>\n<\/tr>\n<\/tbody>\n<\/table>\n[\/mk_table][\/vc_column_inner][\/vc_row_inner][vc_column_text css=\u00bb.vc_custom_1755109993007{margin-bottom: 0px !important;}\u00bb]\n<h5 style=\"padding-left: 40px;\">Evaluaci\u00f3n del Curso\u00a0<em>online<\/em>\u00a0(Moodle)<\/h5>\n[\/vc_column_text][vc_column_text css=\u00bb.vc_custom_1755110012828{margin-bottom: 0px !important;}\u00bb]\n<p style=\"padding-left: 40px;\">Los cr\u00e9ditos del Congreso se otorgar\u00e1n a aquellos inscritos que:<\/p>\n[\/vc_column_text][vc_row_inner][vc_column_inner width=\u00bb1\/6&#8243;][\/vc_column_inner][vc_column_inner width=\u00bb2\/3&#8243;][vc_column_text css=\u00bb.vc_custom_1725185569849{margin-bottom: 0px !important;}\u00bb]\n<p style=\"font-weight: 400;\">Para obtener los cr\u00e9ditos de formaci\u00f3n correspondientes al\u00a0<strong>Curso\u00a0<\/strong><strong><em>online<\/em><\/strong><strong>\u00a0de Actualizaci\u00f3n en pediatr\u00eda<\/strong>\u00a0(Moodle)\u00a0es imprescindible:<\/p>\n<ul style=\"font-weight: 400;\">\n<li><strong>Descargar todo el material disponible\u00a0<\/strong>correspondiente a cada actividad de la plataforma<\/li>\n<li><strong>Contestar de forma correcta el 50% de las preguntas postest<\/strong>\u00a0de cada una de las actividades<\/li>\n<\/ul>\n<p style=\"font-weight: 400;\">Es necesario realizar esto\u00a0<strong>en todos y cada uno de los 4 temas de la\u00a0plataforma<\/strong>\u00a0<strong>y hacerlo dentro de los plazos previstos<\/strong>\u00a0para poder obtener los cr\u00e9ditos.<\/p>\n<p style=\"font-weight: 400;\">Solo se puede acceder a los cuestionarios de evaluaci\u00f3n pretest y postest a trav\u00e9s de la plataforma Moodle.<\/p>\n<p style=\"font-weight: 400;\"><strong>Pretest:<\/strong>\u00a0su realizaci\u00f3n est\u00e1 destinada a valorar la formaci\u00f3n a nivel de grupo, al comparar estos resultados con la evaluaci\u00f3n poscurso. No tendr\u00e1 valor para los cr\u00e9ditos individuales. Es necesario realizar las preguntas pretest para poder descargar el material, que s\u00ed es requisito para la acreditaci\u00f3n.<\/p>\n<p style=\"font-weight: 400;\"><strong>Postest:<\/strong>\u00a0determinar\u00e1 la obtenci\u00f3n de los cr\u00e9ditos correspondientes a la plataforma.<strong>\u00a0\u00a0<\/strong><\/p>\n[\/vc_column_text][\/vc_column_inner][vc_column_inner width=\u00bb1\/6&#8243;][\/vc_column_inner][\/vc_row_inner][vc_row_inner is_fullwidth_content=\u00bbfalse\u00bb][vc_column_inner width=\u00bb1\/6&#8243;][\/vc_column_inner][vc_column_inner width=\u00bb2\/3&#8243;][mk_padding_divider visibility=\u00bbhidden-sm\u00bb][vc_column_text visibility=\u00bbhidden-sm\u00bb css=\u00bb.vc_custom_1755109910041{margin-bottom: 0px !important;}\u00bb]<img loading=\"lazy\" decoding=\"async\" class=\"alignnone wp-image-11707 size-full\" src=\"https:\/\/cursosonline.aepap.org\/moodle2026\/wp-content\/uploads\/2025\/08\/22-congreso-aepap-2026-lema-scaled.jpg\" alt=\"\" width=\"2560\" height=\"211\" srcset=\"https:\/\/cursosonline.aepap.org\/moodle2026\/wp-content\/uploads\/2025\/08\/22-congreso-aepap-2026-lema-scaled.jpg 2560w, https:\/\/cursosonline.aepap.org\/moodle2026\/wp-content\/uploads\/2025\/08\/22-congreso-aepap-2026-lema-scaled-300x25.jpg 300w, https:\/\/cursosonline.aepap.org\/moodle2026\/wp-content\/uploads\/2025\/08\/22-congreso-aepap-2026-lema-scaled-1024x84.jpg 1024w, https:\/\/cursosonline.aepap.org\/moodle2026\/wp-content\/uploads\/2025\/08\/22-congreso-aepap-2026-lema-768x63.jpg 768w, https:\/\/cursosonline.aepap.org\/moodle2026\/wp-content\/uploads\/2025\/08\/22-congreso-aepap-2026-lema-1536x127.jpg 1536w, https:\/\/cursosonline.aepap.org\/moodle2026\/wp-content\/uploads\/2025\/08\/22-congreso-aepap-2026-lema-2048x169.jpg 2048w\" sizes=\"auto, (max-width: 2560px) 100vw, 2560px\" \/>[\/vc_column_text][\/vc_column_inner][vc_column_inner width=\u00bb1\/6&#8243;][\/vc_column_inner][\/vc_row_inner][\/vc_column][\/mk_page_section]\n<\/div>","protected":false},"excerpt":{"rendered":"<p>[vc_row fullwidth=\u00bbtrue\u00bb parallax=\u00bbcontent-moving-fade\u00bb parallax_speed_bg=\u00bb1&#8243; css=\u00bb.vc_custom_1755109609296{margin-bottom: -10px !important;border-bottom-width: -10px !important;padding-bottom: -10px !important;background-color: #B9271A !important;background-position: center;background-repeat: no-repeat !important;background-size: cover !important;}\u00bb][vc_column css=\u00bb.vc_custom_1703196275772{margin-bottom: -5px !important;border-bottom-width: -5px !important;padding-bottom: -5px !important;background-position: center !important;background-repeat: no-repeat !important;background-size: contain !important;}\u00bb][mk_padding_divider size=\u00bb30&#8243; visibility=\u00bbhidden-sm\u00bb][mk_padding_divider visibility=\u00bbvisible-sm\u00bb][mk_fancy_title color=\u00bb#ffffff\u00bb size=\u00bb40&#8243; force_font_size=\u00bbtrue\u00bb size_smallscreen=\u00bb35&#8243; size_tablet=\u00bb35&#8243; size_phone=\u00bb30&#8243; margin_bottom=\u00bb0&#8243; font_family=\u00bbImpact, Charcoal, sans-serif\u00bb font_type=\u00bbsafefont\u00bb align=\u00bbcenter\u00bb]Calendario y Acreditaci\u00f3n[\/mk_fancy_title][mk_padding_divider][vc_row_inner attached=\u00bbtrue\u00bb disable_element=\u00bbyes\u00bb][vc_column_inner css=\u00bb.vc_custom_1687794206690{margin-top: -60px !important;margin-bottom: -30px !important;border-top-width: [&hellip;]<\/p>\n","protected":false},"author":3297,"featured_media":0,"parent":0,"menu_order":0,"comment_status":"closed","ping_status":"closed","template":"","meta":{"footnotes":""},"class_list":["post-10805","page","type-page","status-publish","hentry"],"publishpress_future_action":{"enabled":false,"date":"2026-05-06 06:41:54","action":"change-status","newStatus":"draft","terms":[],"taxonomy":"","extraData":[]},"publishpress_future_workflow_manual_trigger":{"enabledWorkflows":[]},"_links":{"self":[{"href":"https:\/\/cursosonline.aepap.org\/moodle2026\/wp-json\/wp\/v2\/pages\/10805","targetHints":{"allow":["GET"]}}],"collection":[{"href":"https:\/\/cursosonline.aepap.org\/moodle2026\/wp-json\/wp\/v2\/pages"}],"about":[{"href":"https:\/\/cursosonline.aepap.org\/moodle2026\/wp-json\/wp\/v2\/types\/page"}],"author":[{"embeddable":true,"href":"https:\/\/cursosonline.aepap.org\/moodle2026\/wp-json\/wp\/v2\/users\/3297"}],"replies":[{"embeddable":true,"href":"https:\/\/cursosonline.aepap.org\/moodle2026\/wp-json\/wp\/v2\/comments?post=10805"}],"version-history":[{"count":43,"href":"https:\/\/cursosonline.aepap.org\/moodle2026\/wp-json\/wp\/v2\/pages\/10805\/revisions"}],"predecessor-version":[{"id":11755,"href":"https:\/\/cursosonline.aepap.org\/moodle2026\/wp-json\/wp\/v2\/pages\/10805\/revisions\/11755"}],"wp:attachment":[{"href":"https:\/\/cursosonline.aepap.org\/moodle2026\/wp-json\/wp\/v2\/media?parent=10805"}],"curies":[{"name":"wp","href":"https:\/\/api.w.org\/{rel}","templated":true}]}}